{"id":16972,"date":"2019-01-22T01:23:46","date_gmt":"2019-01-22T01:23:46","guid":{"rendered":"http:\/\/alpomodoro.com.sv\/?page_id=16972"},"modified":"2019-01-22T01:23:46","modified_gmt":"2019-01-22T01:23:46","slug":"vinos-tintos","status":"publish","type":"page","link":"https:\/\/otromedio.info\/alpomodoro\/vinos-tintos\/","title":{"rendered":"Los tintos reinan en Piamonte"},"content":{"rendered":"<p><img loading=\"lazy\" class=\"size-medium wp-image-16977 aligncenter\" src=\"http:\/\/alpomodoro.com.sv\/wp-content\/uploads\/2019\/01\/Vinos-B-300x300.png\" alt=\"Vinos tintos\" width=\"300\" height=\"300\" srcset=\"https:\/\/otromedio.info\/alpomodoro\/wp-content\/uploads\/2019\/01\/Vinos-B-300x300.png 300w, https:\/\/otromedio.info\/alpomodoro\/wp-content\/uploads\/2019\/01\/Vinos-B-150x150.png 150w, https:\/\/otromedio.info\/alpomodoro\/wp-content\/uploads\/2019\/01\/Vinos-B-768x768.png 768w, https:\/\/otromedio.info\/alpomodoro\/wp-content\/uploads\/2019\/01\/Vinos-B-750x750.png 750w, https:\/\/otromedio.info\/alpomodoro\/wp-content\/uploads\/2019\/01\/Vinos-B-160x160.png 160w, https:\/\/otromedio.info\/alpomodoro\/wp-content\/uploads\/2019\/01\/Vinos-B-800x800.png 800w, https:\/\/otromedio.info\/alpomodoro\/wp-content\/uploads\/2019\/01\/Vinos-B.png 1000w\" sizes=\"(max-width: 300px) 100vw, 300px\" \/><\/p>\n<p>La regi\u00f3n de Piamonte situada al noreste de Italia, es la sexta en producci\u00f3n de todas las regiones vitivin\u00edcolas de Italia, pero es la primera en producci\u00f3n de vinos de calidad calificados DOCG.<\/p>\n<p>Es la segunda regi\u00f3n m\u00e1s extensa de Italia despu\u00e9s de Sicilia, el nombre de Piamonte proviene de su ubicaci\u00f3n geogr\u00e1fica \u201cal pie de las monta\u00f1as\u201d, de los majestuosos Alpes al norte.<\/p>\n<p>En el sur encontramos las laderas, algo m\u00e1s bajas, de los Apeninos. Casi la mitad del Piamonte es monta\u00f1oso, por lo que los vi\u00f1edos se plantan en laderas elevadas y escarpadas y en terrazas inclinadas para sacar mayor provecho de su situaci\u00f3n.<\/p>\n<p>Algunos de los mejores vinos de Italia son producidos en Piamonte.<\/p>\n<p>Sus principales variedades de uvas tintas son:<\/p>\n<p>-NEBBBIOLO \u00a0-BARBERA \u2013DOLCETTO<\/p>\n<p>Los Piamontes reservan los vinos serios como el Barolo y el Barberesco, hechos enteramente de la variedad del Nebbiolo, para la comida del domingo o las ocasiones especiales. Lo que beben a diario son los vinos tintos Barbera y Dolcetto.<\/p>\n<p>La uva barbera es de las que m\u00e1s se cultiva en Italia.<\/p>\n<p>Pero donde la Barbera alcanza la excelencia es en el Piamonte, sobre todo en las zonas de Alba y Asti. Se produce un vino sabroso de un rojo picota, con acidez alta y un car\u00e1cter frutal intenso.<\/p>\n<p>ALBAROSSA, una vid 100% piamontes nacida de la investigaci\u00f3n\u2026<\/p>\n<p>La alborossa es una uva nacida de la investigaci\u00f3n creada por el profesor Giovanni Dalmasso en 1938, cruzando Barbera y chatus (Nebbiolo di Dronero).<\/p>\n<p>Giovanni Dalmasso es una leyenda en la ampelograf\u00eda, sus textos son todav\u00eda hoy la biblia de la vinicultura.<\/p>\n<p>Hizo varias otras cruces de diferentes variedades, que durante mucho tiempo han sido parte de una colecci\u00f3n de la regi\u00f3n de Piamonte.<\/p>\n<p>La albarossa era parte de este grupo de vides. En 1977, se incluy\u00f3 en el cat\u00e1logo nacional de variedades de vid.<\/p>\n<p>La alborossa se cultiva en la provincia de Alessandr\u00eda y Cuneo en un \u00e1rea de aproximadamente diez hect\u00e1reas, en constante expansi\u00f3n, obteniendo vinos intensos y complejos con fuertes notas afrutadas y especiadas.<\/p>\n","protected":false},"excerpt":{"rendered":"<p>La regi\u00f3n de Piamonte situada al noreste de Italia, es la sexta en producci\u00f3n de todas las regiones vitivin\u00edcolas de Italia, pero es la primera en producci\u00f3n de vinos de calidad calificados DOCG. Es la segunda regi\u00f3n m\u00e1s extensa de Italia despu\u00e9s de Sicilia, el nombre de Piamonte proviene de su ubicaci\u00f3n geogr\u00e1fica \u201cal pie de las monta\u00f1as\u201d, de los majestuosos Alpes al norte. En el sur encontramos las laderas, algo m\u00e1s bajas, de los Apeninos. Casi la mitad del [&hellip;]<\/p>\n","protected":false},"author":1,"featured_media":18766,"parent":0,"menu_order":0,"comment_status":"closed","ping_status":"closed","template":"","meta":[],"_links":{"self":[{"href":"https:\/\/otromedio.info\/alpomodoro\/wp-json\/wp\/v2\/pages\/16972"}],"collection":[{"href":"https:\/\/otromedio.info\/alpomodoro\/wp-json\/wp\/v2\/pages"}],"about":[{"href":"https:\/\/otromedio.info\/alpomodoro\/wp-json\/wp\/v2\/types\/page"}],"author":[{"embeddable":true,"href":"https:\/\/otromedio.info\/alpomodoro\/wp-json\/wp\/v2\/users\/1"}],"replies":[{"embeddable":true,"href":"https:\/\/otromedio.info\/alpomodoro\/wp-json\/wp\/v2\/comments?post=16972"}],"version-history":[{"count":0,"href":"https:\/\/otromedio.info\/alpomodoro\/wp-json\/wp\/v2\/pages\/16972\/revisions"}],"wp:featuredmedia":[{"embeddable":true,"href":"https:\/\/otromedio.info\/alpomodoro\/wp-json\/wp\/v2\/menu-items\/18766"}],"wp:attachment":[{"href":"https:\/\/otromedio.info\/alpomodoro\/wp-json\/wp\/v2\/media?parent=16972"}],"curies":[{"name":"wp","href":"https:\/\/api.w.org\/{rel}","templated":true}]}}